 the remainder when 8624 is divided by 73.
10
What is the remainder when 568030 is divided by 568025?
5
Calculate the remainder when 3521 is divided by 3071.
450
Calculate the remainder when 7050 is divided by 4.
2
What is the remainder when 1165847 is divided by 3979?
0
What is the remainder when 203405 is divided by 50849?
9
What is the remainder when 4026 is divided by 449?
434
What is the remainder when 607967 is divided by 121589?
22
What is the remainder when 25845 is divided by 2112?
501
What is the remainder when 94016 is divided by 58?
56
What is the remainder when 64446 is divided by 64?
62
What is the remainder when 88760 is divided by 162?
146
What is the remainder when 15324 is divided by 1026?
960
What is the remainder when 27610 is divided by 267?
109
What is the remainder when 607613 is divided by 782?
781
What is the remainder when 3398 is divided by 1546?
306
What is the remainder when 77158 is divided by 11005?
123
Calculate the remainder when 29580 is divided by 1545.
225
What is the remainder when 8815 is divided by 2935?
10
Calculate the remainder when 3678 is divided by 1783.
112
What is the remainder when 30390 is divided by 7?
3
What is the remainder when 111865 is divided by 125?
115
Calculate the remainder when 21167 is divided by 27.
26
Calculate the remainder when 627338 is divided by 819.
803
What is the remainder when 184439 is divided by 636?
635
Calculate the remainder when 354110 is divided by 927.
923
Calculate the remainder when 3096 is divided by 180.
36
Calculate the remainder when 7011 is divided by 27.
18
What is the remainder when 3180899 is divided by 1060299?
2
What is the remainder when 6545 is divided by 1955?
680
Calculate the remainder when 5900 is divided by 398.
328
Calculate the remainder when 101187 is divided by 16859.
33
Calculate the remainder when 114010 is divided by 114010.
0
Calculate the remainder when 3346211 is divided by 18.
11
What is the remainder when 76326 is divided by 19006?
302
What is the remainder when 3196 is divided by 369?
244
What is the remainder when 22908 is divided by 11435?
38
Calculate the remainder when 65031 is divided by 65011.
20
Calculate the remainder when 843 is divided by 194.
67
Calculate the remainder when 18330 is divided by 447.
3
Calculate the remainder when 33653 is divided by 8410.
13
Calculate the remainder when 57405 is divided by 135.
30
Calculate the remainder when 48123 is divided by 382.
373
Calculate the remainder when 297410 is divided by 3.
2
What is the remainder when 359110 is divided by 39?
37
Calculate the remainder when 174905 is divided by 507.
497
Calculate the remainder when 6786 is divided by 92.
70
Calculate the remainder when 232641 is divided by 85.
81
Calculate the remainder when 162990 is divided by 61.
59
What is the remainder when 90173 is divided by 40?
13
What is the remainder when 17612 is divided by 1353?
23
Calculate the remainder when 95989 is divided by 52.
49
Calculate the remainder when 31113 is divided by 2221.
19
What is the remainder when 490 is divided by 70?
0
What is the remainder when 22424 is divided by 22412?
12
What is the remainder when 434110 is divided by 307?
12
Calculate the remainder when 4112 is divided by 40.
32
What is the remainder when 10299 is divided by 7?
2
Calculate the remainder when 2125 is divided by 162.
19
What is the remainder when 30973 is divided by 116?
1
What is the remainder when 25736 is divided by 856?
56
Calculate the remainder when 18098 is divided by 235.
3
What is the remainder when 17677 is divided by 1202?
849
Calculate the remainder when 323333 is divided by 1547.
10
What is the remainder when 6282554 is divided by 28?
26
What is the remainder when 37262 is divided by 41?
34
Calculate the remainder when 11856 is divided by 909.
39
What is the remainder when 737604 is divided by 137?
133
What is the remainder when 69702 is divided by 5?
2
What is the remainder when 8027 is divided by 107?
2
What is the remainder when 1889 is divided by 209?
8
What is the remainder when 4569 is divided by 1414?
327
Calculate the remainder when 6595 is divided by 63.
43
Calculate the remainder when 3003 is divided by 633.
471
Calculate the remainder when 4588 is divided by 1518.
34
Calculate the remainder when 59705 is divided by 118.
115
What is the remainder when 4522 is divided by 182?
154
What is the remainder when 4623 is divided by 382?
39
Calculate the remainder when 47375 is divided by 72.
71
What is the remainder when 165303 is divided by 21?
12
What is the remainder when 469753 is divided by 10212?
1
Calculate the remainder when 193843 is divided by 15.
13
What is the remainder when 2007 is divided by 132?
27
What is the remainder when 2741 is divided by 1261?
219
What is the remainder when 2088 is divided by 1012?
64
What is the remainder when 207580 is divided by 16?
12
What is the remainder when 21381 is divided by 41?
20
Calculate the remainder when 39632 is divided by 86.
72
Calculate the remainder when 4493 is divided by 41.
24
What is the remainder when 638589 is divided by 192?
189
What is the remainder when 3626 is divided by 317?
139
Calculate the remainder when 155956 is divided by 254.
0
Calculate the remainder when 3323 is divided by 975.
398
What is the remainder when 2108238 is divided by 339?
336
What is the remainder when 2998 is divided by 24?
22
Calculate the remainder when 13714 is divided by 1521.
25
What is the remainder when 43699 is divided by 95?
94
What is the remainder when 3188 is divided by 626?
58
Calculate the remainder when 441 is divided by 258.
183
What is the remainder when 7047 is divided by 1399?
52
Calculate the remainder when 57012 is divided by 21.
18
What is the remainder when 44377 is divided by 48?
25
Calculate the remainder when 6229 is divided by 414.
19
What is the remainder when 12263 is divided by 183?
2
Calculate the remainder when 410929 is divided by 45.
34
What is the remainder when 81063 is divided by 29?
8
What is the remainder when 41899 is divided by 544?
11
Calculate the remainder when 67473 is divided by 28.
21
Calculate the remainder when 69382 is divided by 377.
14
Calculate the remainder when 305081 is divided by 21.
14
What is the remainder when 27890 is divided by 715?
5
What is the remainder when 78321 is divided by 469?
467
What is the remainder when 118397 is divided by 21?
20
What is the remainder when 1996522 is divided by 12?
10
Calculate the remainder when 2877 is divided by 642.
309
What is the remainder when 2190 is divided by 726?
12
Calculate the remainder when 148662 is divided by 795.
792
Calculate the remainder when 1564 is divided by 304.
44
What is the remainder when 435594 is divided by 433?
429
What is the remainder when 50668 is divided by 128?
108
What is the remainder when 28208 is divided by 9297?
317
Calculate the remainder when 45141 is divided by 29.
17
Calculate the remainder when 13403 is divided by 2952.
1595
Calculate the remainder when 2741 is divided by 116.
73
Calculate the remainder when 23082 is divided by 5770.
2
What is the remainder when 2562 is divided by 758?
288
Calculate the remainder when 2961 is divided by 56.
49
What is the remainder when 22359 is divided by 215?
214
What is the remainder when 5153 is divided by 185?
158
Calculate the remainder when 57069 is divided by 19018.
15
What is the remainder when 95117 is divided by 40?
37
What is the remainder when 76119 is divided by 55?
54
What is the remainder when 1028 is divided by 956?
72
What is the remainder when 2610 is divided by 524?
514
Calculate the remainder when 1131301 is divided by 671.
666
Calculate the remainder when 1574 is divided by 134.
100
What is the remainder when 3788 is divided by 230?
108
Calculate the remainder when 40820 is divided by 324.
320
What is the remainder when 4570 is divided by 93?
13
What is the remainder when 7114 is divided by 1006?
72
Calculate the remainder when 184651 is divided by 63.
61
What is the remainder when 18439 is divided by 4280?
1319
Calculate the remainder when 13510 is divided by 965.
0
Calculate the remainder when 1620 is divided by 147.
3
What is the remainder when 9044 is divided by 117?
35
What is the remainder when 28420 is divided by 209?
205
What is the remaind